{"id":75,"date":"2022-03-23T13:02:53","date_gmt":"2022-03-23T13:02:53","guid":{"rendered":"https:\/\/formacion.fetaekwondo.net\/?page_id=75"},"modified":"2023-07-18T08:15:00","modified_gmt":"2023-07-18T08:15:00","slug":"entrenadores-taekwondo-colegiados","status":"publish","type":"page","link":"https:\/\/formacion.fetaekwondo.net\/?page_id=75","title":{"rendered":"Entrenadores Taekwondo Colegiados"},"content":{"rendered":"\n<p><em>La siguiente p\u00e1gina mostrar\u00e1 el acceso al curso de formaci\u00f3n permanente de <strong>Entrenadores de Taekwondo Colegiados<\/strong> quienes dispondr\u00e1n de todo tipo de cursos durante toda la temporada.<\/em><\/p>\n\n\n\n<p><\/p>\n\n\n\n<p><strong>Entrenadores Taekwondo &#8211; Formaci\u00f3n Permanente<\/strong><\/p>\n\n\n\n<p><em><strong>Pr\u00f3ximamente&#8230;<\/strong><\/em><\/p>\n","protected":false},"excerpt":{"rendered":"<p>La siguiente p\u00e1gina mostrar\u00e1 el acceso al curso de formaci\u00f3n permanente de Entrenadores de Taekwondo Colegiados quienes dispondr\u00e1n de todo tipo de cursos durante toda la temporada. Entrenadores Taekwondo &#8211; Formaci\u00f3n Permanente Pr\u00f3ximamente&#8230;<\/p>\n","protected":false},"author":1,"featured_media":0,"parent":0,"menu_order":0,"comment_status":"closed","ping_status":"closed","template":"","meta":{"footnotes":""},"class_list":["post-75","page","type-page","status-publish","hentry"],"_links":{"self":[{"href":"https:\/\/formacion.fetaekwondo.net\/index.php?rest_route=\/wp\/v2\/pages\/75","targetHints":{"allow":["GET"]}}],"collection":[{"href":"https:\/\/formacion.fetaekwondo.net\/index.php?rest_route=\/wp\/v2\/pages"}],"about":[{"href":"https:\/\/formacion.fetaekwondo.net\/index.php?rest_route=\/wp\/v2\/types\/page"}],"author":[{"embeddable":true,"href":"https:\/\/formacion.fetaekwondo.net\/index.php?rest_route=\/wp\/v2\/users\/1"}],"replies":[{"embeddable":true,"href":"https:\/\/formacion.fetaekwondo.net\/index.php?rest_route=%2Fwp%2Fv2%2Fcomments&post=75"}],"version-history":[{"count":2,"href":"https:\/\/formacion.fetaekwondo.net\/index.php?rest_route=\/wp\/v2\/pages\/75\/revisions"}],"predecessor-version":[{"id":156,"href":"https:\/\/formacion.fetaekwondo.net\/index.php?rest_route=\/wp\/v2\/pages\/75\/revisions\/156"}],"wp:attachment":[{"href":"https:\/\/formacion.fetaekwondo.net\/index.php?rest_route=%2Fwp%2Fv2%2Fmedia&parent=75"}],"curies":[{"name":"wp","href":"https:\/\/api.w.org\/{rel}","templated":true}]}}